{"id":865,"date":"2016-06-27T09:44:01","date_gmt":"2016-06-27T09:44:01","guid":{"rendered":"https:\/\/www.tgdf.org.tr\/chn\/yeni1\/?page_id=865"},"modified":"2021-10-27T03:14:33","modified_gmt":"2021-10-27T00:14:33","slug":"suder","status":"publish","type":"page","link":"https:\/\/www.tgdf.org.tr\/chn\/suder\/","title":{"rendered":"SUDER"},"content":{"rendered":"<div class=\"wpb-content-wrapper\"><p>[vc_row][vc_column width=\"1\/2\"][vc_text_separator title=\"SUDER \u2013 AMBALAJLI SU \u00dcRET\u0130C\u0130LER\u0130 DERNE\u011e\u0130\" title_align=\"separator_align_left\" color=\"black\"][\/vc_column][vc_column width=\"1\/2\"][vc_text_separator title=\"\u0130LET\u0130\u015e\u0130M B\u0130LG\u0130LER\u0130\" title_align=\"separator_align_left\" color=\"black\"][\/vc_column][\/vc_row][vc_row][vc_column width=\"1\/2\"][\/vc_column][vc_column width=\"1\/2\"][vc_column_text]<\/p>\n<table>\n<tbody>\n<tr>\n<td><b>Ba\u015fkan:<\/b><\/td>\n<td><strong>S. Serdar Seyhanl\u0131<\/strong><\/td>\n<\/tr>\n<tr>\n<td><b>Telefon:<\/b><\/td>\n<td>0216 651 86 81 Fax: 0216 651 86 83<\/td>\n<\/tr>\n<tr>\n<td><b>E-mail:<\/b><\/td>\n<td><\/td>\n<\/tr>\n<tr>\n<td><b>Adres:<\/b><\/td>\n<td>K\u0131s\u0131kl\u0131 Cad. Tekin Ak \u0130\u015f Merkezi No: 3\/7 Altunizade \u00dcsk\u00fcdar \/\u0130STANBUL<\/td>\n<\/tr>\n<tr>\n<td><b>Genel Sekreter:<\/b><\/td>\n<td><b>Tu\u011fba Eracar<\/b><\/td>\n<\/tr>\n<tr>\n<td><b>Telefon:<\/b><\/td>\n<td>0216 651 86 81\u00a0Fax: 0216 651 86 83<\/td>\n<\/tr>\n<tr>\n<td><b>E-mail:<\/b><\/td>\n<td><\/td>\n<\/tr>\n<tr>\n<td><b>Adres:<\/b><\/td>\n<td>K\u0131s\u0131kl\u0131 Cad. Tekin Ak \u0130\u015f Merkezi No: 3\/7 Altunizade \u00dcsk\u00fcdar \/\u0130STANBUL<\/td>\n<\/tr>\n<tr>\n<td><b>Web Adresi:<\/b><\/td>\n<td><a href=\"http:\/\/www.suder.org.tr\/\">http:\/\/www.suder.org.tr<\/a><\/td>\n<\/tr>\n<\/tbody>\n<\/table>\n<p>[\/vc_column_text][\/vc_column][\/vc_row]<\/p>\n<\/div>","protected":false},"excerpt":{"rendered":"<p>[vc_row][vc_column width=&#8221;1\/2&#8243;][vc_text_separator title=&#8221;SUDER \u2013 AMBALAJLI SU \u00dcRET\u0130C\u0130LER\u0130 DERNE\u011e\u0130&#8221; title_align=&#8221;separator_align_left&#8221; color=&#8221;black&#8221;][\/vc_column][vc_column width=&#8221;1\/2&#8243;][vc_text_separator title=&#8221;\u0130LET\u0130\u015e\u0130M B\u0130LG\u0130LER\u0130&#8221; title_align=&#8221;separator_align_left&#8221; color=&#8221;black&#8221;][\/vc_column][\/vc_row][vc_row][vc_column width=&#8221;1\/2&#8243;][\/vc_column][vc_column width=&#8221;1\/2&#8243;][vc_column_text] Ba\u015fkan: S. Serdar Seyhanl\u0131 Telefon: 0216 651 86 81 Fax: 0216 651 86 83 E-mail: Adres: K\u0131s\u0131kl\u0131 Cad. Tekin Ak \u0130\u015f Merkezi No: 3\/7 Altunizade \u00dcsk\u00fcdar \/\u0130STANBUL Genel Sekreter: Tu\u011fba Eracar Telefon: 0216 651 86 81\u00a0Fax: 0216 651 [&hellip;]<\/p>\n","protected":false},"author":1436,"featured_media":0,"parent":0,"menu_order":0,"comment_status":"closed","ping_status":"closed","template":"","meta":{"footnotes":""},"class_list":["post-865","page","type-page","status-publish","hentry"],"_links":{"self":[{"href":"https:\/\/www.tgdf.org.tr\/chn\/wp-json\/wp\/v2\/pages\/865","targetHints":{"allow":["GET"]}}],"collection":[{"href":"https:\/\/www.tgdf.org.tr\/chn\/wp-json\/wp\/v2\/pages"}],"about":[{"href":"https:\/\/www.tgdf.org.tr\/chn\/wp-json\/wp\/v2\/types\/page"}],"author":[{"embeddable":true,"href":"https:\/\/www.tgdf.org.tr\/chn\/wp-json\/wp\/v2\/users\/1436"}],"replies":[{"embeddable":true,"href":"https:\/\/www.tgdf.org.tr\/chn\/wp-json\/wp\/v2\/comments?post=865"}],"version-history":[{"count":0,"href":"https:\/\/www.tgdf.org.tr\/chn\/wp-json\/wp\/v2\/pages\/865\/revisions"}],"wp:attachment":[{"href":"https:\/\/www.tgdf.org.tr\/chn\/wp-json\/wp\/v2\/media?parent=865"}],"curies":[{"name":"wp","href":"https:\/\/api.w.org\/{rel}","templated":true}]}}

<div class="wpb-content-wrapper"><p>[vc_row][vc_column width="1/2"][vc_text_separator title="SUDER – AMBALAJLI SU ÜRETİCİLERİ DERNEĞİ" title_align="separator_align_left" color="black"][/vc_column][vc_column width="1/2"][vc_text_separator title="İLETİŞİM BİLGİLERİ" title_align="separator_align_left" color="black"][/vc_column][/vc_row][vc_row][vc_column width="1/2"][/vc_column][vc_column width="1/2"][vc_column_text]</p>
<table>
<tbody>
<tr>
<td><b>Başkan:</b></td>
<td><strong>S. Serdar Seyhanlı</strong></td>
</tr>
<tr>
<td><b>Telefon:</b></td>
<td>0216 651 86 81 Fax: 0216 651 86 83</td>
</tr>
<tr>
<td><b>E-mail:</b></td>
<td></td>
</tr>
<tr>
<td><b>Adres:</b></td>
<td>Kısıklı Cad. Tekin Ak İş Merkezi No: 3/7 Altunizade Üsküdar /İSTANBUL</td>
</tr>
<tr>
<td><b>Genel Sekreter:</b></td>
<td><b>Tuğba Eracar</b></td>
</tr>
<tr>
<td><b>Telefon:</b></td>
<td>0216 651 86 81 Fax: 0216 651 86 83</td>
</tr>
<tr>
<td><b>E-mail:</b></td>
<td></td>
</tr>
<tr>
<td><b>Adres:</b></td>
<td>Kısıklı Cad. Tekin Ak İş Merkezi No: 3/7 Altunizade Üsküdar /İSTANBUL</td>
</tr>
<tr>
<td><b>Web Adresi:</b></td>
<td><a href="http://www.suder.org.tr/">http://www.suder.org.tr</a></td>
</tr>
</tbody>
</table>
<p>[/vc_column_text][/vc_column][/vc_row]</p>
</div>

<p>[vc_row][vc_column width=&#8221;1/2&#8243;][vc_text_separator title=&#8221;SUDER – AMBALAJLI SU ÜRETİCİLERİ DERNEĞİ&#8221; title_align=&#8221;separator_align_left&#8221; color=&#8221;black&#8221;][/vc_column][vc_column width=&#8221;1/2&#8243;][vc_text_separator title=&#8221;İLETİŞİM BİLGİLERİ&#8221; title_align=&#8221;separator_align_left&#8221; color=&#8221;black&#8221;][/vc_column][/vc_row][vc_row][vc_column width=&#8221;1/2&#8243;][/vc_column][vc_column width=&#8221;1/2&#8243;][vc_column_text] Başkan: S. Serdar Seyhanlı Telefon: 0216 651 86 81 Fax: 0216 651 86 83 E-mail: Adres: Kısıklı Cad. Tekin Ak İş Merkezi No: 3/7 Altunizade Üsküdar /İSTANBUL Genel Sekreter: Tuğba Eracar Telefon: 0216 651 86 81 Fax: 0216 651 [&hellip;]</p>
