{"id":854,"date":"2016-06-27T09:39:15","date_gmt":"2016-06-27T09:39:15","guid":{"rendered":"https:\/\/www.tgdf.org.tr\/chn\/yeni1\/?page_id=854"},"modified":"2023-03-20T16:23:47","modified_gmt":"2023-03-20T13:23:47","slug":"orguder","status":"publish","type":"page","link":"https:\/\/www.tgdf.org.tr\/chn\/orguder\/","title":{"rendered":"ORG\u00dcDER"},"content":{"rendered":"<div class=\"wpb-content-wrapper\"><p>[vc_row][vc_column width=\"1\/2\"][vc_text_separator title=\"ORG\u00dcDER \u2013 ORGAN\u0130K \u00dcR\u00dcN \u00dcRET\u0130C\u0130LER\u0130 VE SANAY\u0130C\u0130LER\u0130 DERNE\u011e\u0130\" title_align=\"separator_align_left\" color=\"black\"][\/vc_column][vc_column width=\"1\/2\"][vc_text_separator title=\"\u0130LET\u0130\u015e\u0130M B\u0130LG\u0130LER\u0130\" title_align=\"separator_align_left\" color=\"black\"][\/vc_column][\/vc_row][vc_row][vc_column width=\"1\/2\"][\/vc_column][vc_column width=\"1\/2\"][vc_column_text]<\/p>\n<table>\n<tbody>\n<tr>\n<td><b>Ba\u015fkan:<\/b><\/td>\n<td><b>Muharrem Do\u011fan<\/b><\/td>\n<\/tr>\n<tr>\n<td><b>Telefon:<\/b><\/td>\n<td>Tel: 0216 557 75 24 10 Fax: 0216 557 96 82<\/td>\n<\/tr>\n<tr>\n<td><b>E-mail:<\/b><\/td>\n<td><\/td>\n<\/tr>\n<tr>\n<td><b>Adres:<\/b><\/td>\n<td>BEYLERBEY\u0130 MAH.\u015eEMS\u0130 EFEND\u0130 SOK.NO:16\/1 \u00dcSK\u00dcDAR \u0130STANBUL<\/td>\n<\/tr>\n<tr>\n<td><b>Genel Sekreter:<\/b><\/td>\n<td><strong>Nuri Kutlu<\/strong><\/td>\n<\/tr>\n<tr>\n<td><b>Telefon:<\/b><\/td>\n<td>0212-332 00 10 Fax: 0212-289 72 07<\/td>\n<\/tr>\n<tr>\n<td><b>E-mail:<\/b><\/td>\n<td>orguder@orguder.org.tr<\/td>\n<\/tr>\n<tr>\n<td><b>Adres:<\/b><\/td>\n<td>Ayaza\u011fa Mah. Mimar Sinan Sk.No:8\/1 Sar\u0131yer \/\u0130STANBUL<\/td>\n<\/tr>\n<tr>\n<td><b>Web Adresi:<\/b><\/td>\n<td><a href=\"http:\/\/www.orguder.org.tr\/\">http:\/\/www.orguder.org.tr<\/a><\/td>\n<\/tr>\n<\/tbody>\n<\/table>\n<p>[\/vc_column_text][\/vc_column][\/vc_row]<\/p>\n<\/div>","protected":false},"excerpt":{"rendered":"<p>[vc_row][vc_column width=&#8221;1\/2&#8243;][vc_text_separator title=&#8221;ORG\u00dcDER \u2013 ORGAN\u0130K \u00dcR\u00dcN \u00dcRET\u0130C\u0130LER\u0130 VE SANAY\u0130C\u0130LER\u0130 DERNE\u011e\u0130&#8221; title_align=&#8221;separator_align_left&#8221; color=&#8221;black&#8221;][\/vc_column][vc_column width=&#8221;1\/2&#8243;][vc_text_separator title=&#8221;\u0130LET\u0130\u015e\u0130M B\u0130LG\u0130LER\u0130&#8221; title_align=&#8221;separator_align_left&#8221; color=&#8221;black&#8221;][\/vc_column][\/vc_row][vc_row][vc_column width=&#8221;1\/2&#8243;][\/vc_column][vc_column width=&#8221;1\/2&#8243;][vc_column_text] Ba\u015fkan: Muharrem Do\u011fan Telefon: Tel: 0216 557 75 24 10 Fax: 0216 557 96 82 E-mail: Adres: BEYLERBEY\u0130 MAH.\u015eEMS\u0130 EFEND\u0130 SOK.NO:16\/1 \u00dcSK\u00dcDAR \u0130STANBUL Genel Sekreter: Nuri Kutlu Telefon: 0212-332 00 10 Fax: 0212-289 72 07 E-mail: [&hellip;]<\/p>\n","protected":false},"author":1436,"featured_media":0,"parent":0,"menu_order":0,"comment_status":"closed","ping_status":"closed","template":"","meta":{"footnotes":""},"class_list":["post-854","page","type-page","status-publish","hentry"],"_links":{"self":[{"href":"https:\/\/www.tgdf.org.tr\/chn\/wp-json\/wp\/v2\/pages\/854","targetHints":{"allow":["GET"]}}],"collection":[{"href":"https:\/\/www.tgdf.org.tr\/chn\/wp-json\/wp\/v2\/pages"}],"about":[{"href":"https:\/\/www.tgdf.org.tr\/chn\/wp-json\/wp\/v2\/types\/page"}],"author":[{"embeddable":true,"href":"https:\/\/www.tgdf.org.tr\/chn\/wp-json\/wp\/v2\/users\/1436"}],"replies":[{"embeddable":true,"href":"https:\/\/www.tgdf.org.tr\/chn\/wp-json\/wp\/v2\/comments?post=854"}],"version-history":[{"count":0,"href":"https:\/\/www.tgdf.org.tr\/chn\/wp-json\/wp\/v2\/pages\/854\/revisions"}],"wp:attachment":[{"href":"https:\/\/www.tgdf.org.tr\/chn\/wp-json\/wp\/v2\/media?parent=854"}],"curies":[{"name":"wp","href":"https:\/\/api.w.org\/{rel}","templated":true}]}}