{"id":817,"date":"2016-06-27T09:03:05","date_gmt":"2016-06-27T09:03:05","guid":{"rendered":"https:\/\/www.tgdf.org.tr\/chn\/yeni1\/?page_id=817"},"modified":"2021-10-27T03:09:37","modified_gmt":"2021-10-27T00:09:37","slug":"bmud","status":"publish","type":"page","link":"https:\/\/www.tgdf.org.tr\/chn\/bmud\/","title":{"rendered":"BM\u00dcD"},"content":{"rendered":"<div class=\"wpb-content-wrapper\"><p>[vc_row][vc_column width=\"1\/2\"][vc_text_separator title=\"BM\u00dcD \u2013 B\u0130RA VE MALT \u00dcRET\u0130C\u0130LER\u0130 DERNE\u011e\u0130\" title_align=\"separator_align_left\" color=\"black\"][\/vc_column][vc_column width=\"1\/2\"][vc_text_separator title=\"\u0130LET\u0130\u015e\u0130M B\u0130LG\u0130LER\u0130\" title_align=\"separator_align_left\" color=\"black\"][\/vc_column][\/vc_row][vc_row][vc_column width=\"1\/2\"][\/vc_column][vc_column width=\"1\/2\"][vc_column_text]<strong>BM\u00dcD \u2013 B\u0130RA VE MALT \u00dcRET\u0130C\u0130LER\u0130 DERNE\u011e\u0130<\/strong><\/p>\n<div class=\"fusion-three-fifth fusion-layout-column fusion-spacing-yes\">\n<div class=\"fusion-column-wrapper\">\n<table>\n<tbody>\n<tr>\n<td><b>Ba\u015fkan:<\/b><\/td>\n<td><strong>G\u00fcven Erdal<\/strong><\/td>\n<\/tr>\n<tr>\n<td><b>Telefon:<\/b><\/td>\n<td>0312 448 04 15<\/td>\n<\/tr>\n<tr>\n<td><b>E-mail:<\/b><\/td>\n<td><\/td>\n<\/tr>\n<tr>\n<td><b>Adres:<\/b><\/td>\n<td>\u2013<\/td>\n<\/tr>\n<tr>\n<td><b>Genel\u00a0<\/b><b style=\"font-family: inherit; font-size: inherit;\">Sekreter V.\u00a0<\/b><\/td>\n<td><b>Sibel O\u011fuzutku<\/b><\/td>\n<\/tr>\n<tr>\n<td><b>Telefon:<\/b><\/td>\n<td>0312 419 35 18\u00a0Fax: 0312 419 38 79<\/td>\n<\/tr>\n<tr>\n<td><b>E-mail:<\/b><\/td>\n<td><\/td>\n<\/tr>\n<tr>\n<td><b>Adres:<\/b><\/td>\n<td>Tunus Caddesi 8\/15 Kavakl\u0131dere\/ANKARA<\/td>\n<\/tr>\n<tr>\n<td><b>Web Adresi:<\/b><\/td>\n<td><a href=\"http:\/\/www.biramalt.com\/\">http:\/\/www.biramalt.com<\/a><\/td>\n<\/tr>\n<\/tbody>\n<\/table>\n<\/div>\n<\/div>\n<p>[\/vc_column_text][\/vc_column][\/vc_row]<\/p>\n<\/div>","protected":false},"excerpt":{"rendered":"<p>[vc_row][vc_column width=&#8221;1\/2&#8243;][vc_text_separator title=&#8221;BM\u00dcD \u2013 B\u0130RA VE MALT \u00dcRET\u0130C\u0130LER\u0130 DERNE\u011e\u0130&#8221; title_align=&#8221;separator_align_left&#8221; color=&#8221;black&#8221;][\/vc_column][vc_column width=&#8221;1\/2&#8243;][vc_text_separator title=&#8221;\u0130LET\u0130\u015e\u0130M B\u0130LG\u0130LER\u0130&#8221; title_align=&#8221;separator_align_left&#8221; color=&#8221;black&#8221;][\/vc_column][\/vc_row][vc_row][vc_column width=&#8221;1\/2&#8243;][\/vc_column][vc_column width=&#8221;1\/2&#8243;][vc_column_text]BM\u00dcD \u2013 B\u0130RA VE MALT \u00dcRET\u0130C\u0130LER\u0130 DERNE\u011e\u0130 Ba\u015fkan: G\u00fcven Erdal Telefon: 0312 448 04 15 E-mail: Adres: \u2013 Genel\u00a0Sekreter V.\u00a0 Sibel O\u011fuzutku Telefon: 0312 419 35 18\u00a0Fax: 0312 419 38 79 E-mail: Adres: Tunus Caddesi 8\/15 Kavakl\u0131dere\/ANKARA Web [&hellip;]<\/p>\n","protected":false},"author":1436,"featured_media":0,"parent":0,"menu_order":0,"comment_status":"closed","ping_status":"closed","template":"","meta":{"footnotes":""},"class_list":["post-817","page","type-page","status-publish","hentry"],"_links":{"self":[{"href":"https:\/\/www.tgdf.org.tr\/chn\/wp-json\/wp\/v2\/pages\/817","targetHints":{"allow":["GET"]}}],"collection":[{"href":"https:\/\/www.tgdf.org.tr\/chn\/wp-json\/wp\/v2\/pages"}],"about":[{"href":"https:\/\/www.tgdf.org.tr\/chn\/wp-json\/wp\/v2\/types\/page"}],"author":[{"embeddable":true,"href":"https:\/\/www.tgdf.org.tr\/chn\/wp-json\/wp\/v2\/users\/1436"}],"replies":[{"embeddable":true,"href":"https:\/\/www.tgdf.org.tr\/chn\/wp-json\/wp\/v2\/comments?post=817"}],"version-history":[{"count":0,"href":"https:\/\/www.tgdf.org.tr\/chn\/wp-json\/wp\/v2\/pages\/817\/revisions"}],"wp:attachment":[{"href":"https:\/\/www.tgdf.org.tr\/chn\/wp-json\/wp\/v2\/media?parent=817"}],"curies":[{"name":"wp","href":"https:\/\/api.w.org\/{rel}","templated":true}]}}