{"id":7636,"date":"2022-02-14T13:49:25","date_gmt":"2022-02-14T10:49:25","guid":{"rendered":"https:\/\/www.tgdf.org.tr\/chn\/?page_id=7636"},"modified":"2022-02-14T13:49:36","modified_gmt":"2022-02-14T10:49:36","slug":"mumsad","status":"publish","type":"page","link":"https:\/\/www.tgdf.org.tr\/chn\/mumsad\/","title":{"rendered":"M\u00dcMSAD"},"content":{"rendered":"<div class=\"wpb-content-wrapper\"><p>[vc_row][vc_column width=\"1\/2\"][vc_text_separator title=\"M\u00dcMSAD \u2013 MUTFAK \u00dcR\u00dcNLER\u0130 VE MARGAR\u0130N SANAY\u0130C\u0130LER\u0130 DERNE\u011e\u0130\" title_align=\"separator_align_left\" color=\"black\"][\/vc_column][vc_column width=\"1\/2\"][vc_text_separator title=\"\u0130LET\u0130\u015e\u0130M B\u0130LG\u0130LER\u0130\" title_align=\"separator_align_left\" color=\"black\"][\/vc_column][\/vc_row][vc_row][vc_column width=\"1\/2\"][\/vc_column][vc_column width=\"1\/2\"][vc_column_text]<\/p>\n<table>\n<tbody>\n<tr>\n<td><b>Ba\u015fkan:<\/b><\/td>\n<td><strong>Ebru Akda\u011f<\/strong><\/td>\n<\/tr>\n<tr>\n<td><b>Telefon:<\/b><\/td>\n<td>0216 411 76 64 | Fax: 0216 386 73 91<\/td>\n<\/tr>\n<tr>\n<td><b>E-mail:<\/b><\/td>\n<td><\/td>\n<\/tr>\n<tr>\n<td><b>Adres:<\/b><\/td>\n<td>Fenerbah\u00e7e Mah. Operat\u00f6r Cemil Topuzlu Cad. Ho\u015fver Apt. No:16\/6 Kad\u0131k\u00f6y\/\u0130stanbul<\/td>\n<\/tr>\n<tr>\n<td><b>Genel Sekreter:<\/b><\/td>\n<td><\/td>\n<\/tr>\n<tr>\n<td><b>Telefon:<\/b><\/td>\n<td><\/td>\n<\/tr>\n<tr>\n<td><b>E-mail:<\/b><\/td>\n<td><\/td>\n<\/tr>\n<tr>\n<td><b>Adres:<\/b><\/td>\n<td><\/td>\n<\/tr>\n<tr>\n<td><b>Web Adresi:<\/b><\/td>\n<td>\u00a0<a href=\"http:\/\/www.mumsad.org.tr\/\">http:\/\/www.mumsad.org.tr<\/a><\/td>\n<\/tr>\n<\/tbody>\n<\/table>\n<p>[\/vc_column_text][\/vc_column][\/vc_row]<\/p>\n<\/div>","protected":false},"excerpt":{"rendered":"<p>[vc_row][vc_column width=&#8221;1\/2&#8243;][vc_text_separator title=&#8221;M\u00dcMSAD \u2013 MUTFAK \u00dcR\u00dcNLER\u0130 VE MARGAR\u0130N SANAY\u0130C\u0130LER\u0130 DERNE\u011e\u0130&#8221; title_align=&#8221;separator_align_left&#8221; color=&#8221;black&#8221;][\/vc_column][vc_column width=&#8221;1\/2&#8243;][vc_text_separator title=&#8221;\u0130LET\u0130\u015e\u0130M B\u0130LG\u0130LER\u0130&#8221; title_align=&#8221;separator_align_left&#8221; color=&#8221;black&#8221;][\/vc_column][\/vc_row][vc_row][vc_column width=&#8221;1\/2&#8243;][\/vc_column][vc_column width=&#8221;1\/2&#8243;][vc_column_text] Ba\u015fkan: Ebru Akda\u011f Telefon: 0216 411 76 64 | Fax: 0216 386 73 91 E-mail: Adres: Fenerbah\u00e7e Mah. Operat\u00f6r Cemil Topuzlu Cad. Ho\u015fver Apt. No:16\/6 Kad\u0131k\u00f6y\/\u0130stanbul Genel Sekreter: Telefon: E-mail: Adres: Web Adresi: \u00a0http:\/\/www.mumsad.org.tr [\/vc_column_text][\/vc_column][\/vc_row]<\/p>\n","protected":false},"author":1440,"featured_media":0,"parent":0,"menu_order":0,"comment_status":"closed","ping_status":"closed","template":"","meta":{"footnotes":""},"class_list":["post-7636","page","type-page","status-publish","hentry"],"_links":{"self":[{"href":"https:\/\/www.tgdf.org.tr\/chn\/wp-json\/wp\/v2\/pages\/7636","targetHints":{"allow":["GET"]}}],"collection":[{"href":"https:\/\/www.tgdf.org.tr\/chn\/wp-json\/wp\/v2\/pages"}],"about":[{"href":"https:\/\/www.tgdf.org.tr\/chn\/wp-json\/wp\/v2\/types\/page"}],"author":[{"embeddable":true,"href":"https:\/\/www.tgdf.org.tr\/chn\/wp-json\/wp\/v2\/users\/1440"}],"replies":[{"embeddable":true,"href":"https:\/\/www.tgdf.org.tr\/chn\/wp-json\/wp\/v2\/comments?post=7636"}],"version-history":[{"count":0,"href":"https:\/\/www.tgdf.org.tr\/chn\/wp-json\/wp\/v2\/pages\/7636\/revisions"}],"wp:attachment":[{"href":"https:\/\/www.tgdf.org.tr\/chn\/wp-json\/wp\/v2\/media?parent=7636"}],"curies":[{"name":"wp","href":"https:\/\/api.w.org\/{rel}","templated":true}]}}