{"id":577,"date":"2016-06-23T12:09:46","date_gmt":"2016-06-23T12:09:46","guid":{"rendered":"https:\/\/www.tgdf.org.tr\/chn\/yeni1\/?page_id=577"},"modified":"2020-10-02T14:24:50","modified_gmt":"2020-10-02T14:24:50","slug":"yayinlar","status":"publish","type":"page","link":"https:\/\/www.tgdf.org.tr\/chn\/yayinlar\/","title":{"rendered":"\u520a\u7269"},"content":{"rendered":"<div class=\"wpb-content-wrapper\"><p>[vc_row][vc_column][vc_column_text]<\/p>\n<h2><a href=\"\/yayinlar\/tgdf-yayinlar\/\"><span style=\"color: #808080;\"><img loading=\"lazy\" decoding=\"async\" class=\"alignnone wp-image-1360 size-full\" src=\"\/wp-content\/uploads\/2018\/08\/tgdf-yayinlar.png\" width=\"80\" height=\"79\" \/>\u00a0 \u00a0 TGDF Yay\u0131nlar<\/span><\/a><\/h2>\n<h2><a href=\"\/yayinlar\/gida-guvenligi-uzman-portali\/\"><span style=\"color: #808080;\"><img loading=\"lazy\" decoding=\"async\" class=\"alignnone wp-image-1361 size-full\" src=\"\/wp-content\/uploads\/2018\/08\/tgdf-gida-guvenligi-uzman-portali.png\" width=\"80\" height=\"79\" \/>\u00a0 \u00a0 G\u0131da G\u00fcvenli\u011fi Uzman Portal\u0131<\/span><\/a><\/h2>\n<p>[\/vc_column_text][\/vc_column][\/vc_row]<\/p>\n<\/div>","protected":false},"excerpt":{"rendered":"<p>[vc_row][vc_column][vc_column_text] \u00a0 \u00a0 TGDF Yay\u0131nlar \u00a0 \u00a0 G\u0131da G\u00fcvenli\u011fi Uzman Portal\u0131 [\/vc_column_text][\/vc_column][\/vc_row]<\/p>\n","protected":false},"author":1436,"featured_media":0,"parent":0,"menu_order":0,"comment_status":"closed","ping_status":"closed","template":"","meta":{"footnotes":""},"class_list":["post-577","page","type-page","status-publish","hentry"],"_links":{"self":[{"href":"https:\/\/www.tgdf.org.tr\/chn\/wp-json\/wp\/v2\/pages\/577","targetHints":{"allow":["GET"]}}],"collection":[{"href":"https:\/\/www.tgdf.org.tr\/chn\/wp-json\/wp\/v2\/pages"}],"about":[{"href":"https:\/\/www.tgdf.org.tr\/chn\/wp-json\/wp\/v2\/types\/page"}],"author":[{"embeddable":true,"href":"https:\/\/www.tgdf.org.tr\/chn\/wp-json\/wp\/v2\/users\/1436"}],"replies":[{"embeddable":true,"href":"https:\/\/www.tgdf.org.tr\/chn\/wp-json\/wp\/v2\/comments?post=577"}],"version-history":[{"count":0,"href":"https:\/\/www.tgdf.org.tr\/chn\/wp-json\/wp\/v2\/pages\/577\/revisions"}],"wp:attachment":[{"href":"https:\/\/www.tgdf.org.tr\/chn\/wp-json\/wp\/v2\/media?parent=577"}],"curies":[{"name":"wp","href":"https:\/\/api.w.org\/{rel}","templated":true}]}}