{"id":563,"date":"2016-06-23T12:07:45","date_gmt":"2016-06-23T12:07:45","guid":{"rendered":"https:\/\/www.tgdf.org.tr\/chn\/yeni1\/?page_id=563"},"modified":"2022-02-17T09:30:25","modified_gmt":"2022-02-17T06:30:25","slug":"sanayi-irtibat-kurulu","status":"publish","type":"page","link":"https:\/\/www.tgdf.org.tr\/chn\/komisyonlar\/sanayi-irtibat-kurulu\/","title":{"rendered":"\u884c\u4e1a\u8054\u7edc\u59d4\u5458\u4f1a"},"content":{"rendered":"<div class=\"wpb-content-wrapper\"><p>[vc_row][vc_column width=\"2\/3\"][vc_column_text]<\/p>\n<p class=\"p1\">\u5f53\u524d\u7684\u4e1a\u52a1\u5b9e\u8df5\uff0c\u8d1f\u8d23\u4efb\u7684\u4e1a\u52a1\u7ba1\u7406\uff1b\u8868\u660e\u901a\u8fc7\u5728\u98ce\u9669\u7ba1\u7406\uff0c\u6210\u672c\u8282\u7701\uff0c\u8d44\u672c\u51c6\u5165\uff0c\u5ba2\u6237\u5173\u7cfb\uff0c\u4eba\u529b\u8d44\u6e90\u7ba1\u7406\u548c\u521b\u65b0\u80fd\u529b\u7b49\u9886\u57df\u63d0\u4f9b\u5229\u76ca\u6765\u652f\u6301\u516c\u53f8\u7ade\u4e89\u529b\u7684\u91cd\u8981\u5143\u7d20\u3002<span class=\"s1\">TGDF<\/span>\u53ca\u5176\u6210\u5458\uff0c\u575a\u4fe1\u8d1f\u8d23\u4efb\u7684\u4e1a\u52a1\u7ba1\u7406\u80fd\u591f\u5e2e\u52a9\u571f\u8033\u5176\u5b9e\u73b0\u5176\u76ee\u6807\uff0c\u8bf8\u5982\u5c31\u4e1a\uff0c\u521b\u65b0\u548c\u51cf\u8d2b\u7b49\u5173\u952e\u9886\u57df\u5b9e\u73b0\u660e\u667a\uff0c\u53ef\u6301\u7eed\u548c\u5168\u9762\u7684\u589e\u957f\u3002<\/p>\n<p class=\"p1\">\u4ee3\u8868\u571f\u8033\u5176\u98df\u54c1\u548c\u996e\u6599\u884c\u4e1a\u7684<span class=\"s1\">TGDF<\/span>\u7684\u4f7f\u547d\u662f\uff0c\u9f13\u52b1\u5e76\u63d0\u4f9b\u4e00\u4e2a\u65e0\u8bba\u5176\u89c4\u6a21\u5927\u5c0f\uff0c\u4f7f\u6240\u6709\u571f\u8033\u5176\u98df\u54c1\u548c\u996e\u6599\u516c\u53f8\u90fd\u80fd\u6ee1\u8db3\u793e\u4f1a\u9700\u6c42\u548c\u6d88\u8d39\u8005\u9700\u6c42\uff0c\u540c\u65f6\u7ee7\u7eed\u5b9e\u73b0\u53ef\u6301\u7eed\u589e\u957f\u7684\u73af\u5883\u505a\u51fa\u8d21\u732e\u3002<\/p>\n<p class=\"p1\">\u5728<span class=\"s1\">TGDF<\/span>\u5c65\u884c\u8fd9\u4e00\u4f7f\u547d\u7684\u540c\u65f6\uff0c\u8bf8\u5982\u7ade\u4e89\u529b\uff0c\u4f18\u8d28\u98df\u54c1\u7684\u53ef\u627f\u53d7\u6027\uff0c\u6d88\u8d39\u8005\u5bf9\u98df\u54c1\u5b89\u5168\u548c\u8d28\u91cf\u7684\u4fe1\u5fc3\uff0c\u6d88\u8d39\u8005\u7684\u81ea\u89c9\u9009\u62e9\uff0c\u8d1f\u8d23\u4efb\u7684\u8425\u9500\u548c\u73af\u5883\u7b49\u95ee\u9898\u5c06\u4ee5\u6574\u4f53\u65b9\u5f0f\u5904\u7406\uff0c\u4e3a\u5177\u4f53\u7684\u79d1\u5b66\u6570\u636e\u548c\u6709\u6548\u4ea4\u6d41\u7684\u57fa\u7840\u4e0a\u5f00\u53d1\u9002\u5f53\u7684\u6846\u67b6\u505a\u51fa\u8d21\u732e\u3002<\/p>\n<p>[\/vc_column_text][\/vc_column][vc_column width=\"1\/3\"][vc_row_inner][vc_column_inner][vc_column_text]<\/p>\n<p class=\"p1\" style=\"text-align: center;\"><strong><span style=\"font-size: 14pt;\">\u8d1f\u8d23\u7684\u4e3b\u5e2d<\/span><\/strong><\/p>\n<p>[\/vc_column_text][vc_column_text]<\/p>\n<p style=\"text-align: center;\">S\u0130NAN CEM \u015eAH\u0130N<\/p>\n<p>[\/vc_column_text][vc_single_image image=\"7620\" img_size=\"full\" alignment=\"center\"][\/vc_column_inner][\/vc_row_inner][vc_row_inner][vc_column_inner][vc_column_text]<\/p>\n<p class=\"p1\" style=\"text-align: center;\"><span style=\"font-size: 14pt;\">\u8d1f\u8d23\u7684\u603b\u79d8\u4e66\u957f<\/span><\/p>\n<p>[\/vc_column_text][vc_column_text]<\/p>\n<p style=\"text-align: center;\">\u0130LKNUR MENL\u0130K<\/p>\n<p>[\/vc_column_text][vc_single_image image=\"3000\" img_size=\"full\" alignment=\"center\"][\/vc_column_inner][\/vc_row_inner][\/vc_column][\/vc_row]<\/p>\n<\/div>","protected":false},"excerpt":{"rendered":"<p>[vc_row][vc_column width=&#8221;2\/3&#8243;][vc_column_text] \u5f53\u524d\u7684\u4e1a\u52a1\u5b9e\u8df5\uff0c\u8d1f\u8d23\u4efb\u7684\u4e1a\u52a1\u7ba1\u7406\uff1b\u8868\u660e\u901a\u8fc7\u5728\u98ce\u9669\u7ba1\u7406\uff0c\u6210\u672c\u8282\u7701\uff0c\u8d44\u672c\u51c6\u5165\uff0c\u5ba2\u6237\u5173\u7cfb\uff0c\u4eba\u529b\u8d44\u6e90\u7ba1\u7406\u548c\u521b\u65b0\u80fd\u529b\u7b49\u9886\u57df\u63d0\u4f9b\u5229\u76ca\u6765\u652f\u6301\u516c\u53f8\u7ade\u4e89\u529b\u7684\u91cd\u8981\u5143\u7d20\u3002TGDF\u53ca\u5176\u6210\u5458\uff0c\u575a\u4fe1\u8d1f\u8d23\u4efb\u7684\u4e1a\u52a1\u7ba1\u7406\u80fd\u591f\u5e2e\u52a9\u571f\u8033\u5176\u5b9e\u73b0\u5176\u76ee\u6807\uff0c\u8bf8\u5982\u5c31\u4e1a\uff0c\u521b\u65b0\u548c\u51cf\u8d2b\u7b49\u5173\u952e\u9886\u57df\u5b9e\u73b0\u660e\u667a\uff0c\u53ef\u6301\u7eed\u548c\u5168\u9762\u7684\u589e\u957f\u3002 \u4ee3\u8868\u571f\u8033\u5176\u98df\u54c1\u548c\u996e\u6599\u884c\u4e1a\u7684TGDF\u7684\u4f7f\u547d\u662f\uff0c\u9f13\u52b1\u5e76\u63d0\u4f9b\u4e00\u4e2a\u65e0\u8bba\u5176\u89c4\u6a21\u5927\u5c0f\uff0c\u4f7f\u6240\u6709\u571f\u8033\u5176\u98df\u54c1\u548c\u996e\u6599\u516c\u53f8\u90fd\u80fd\u6ee1\u8db3\u793e\u4f1a\u9700\u6c42\u548c\u6d88\u8d39\u8005\u9700\u6c42\uff0c\u540c\u65f6\u7ee7\u7eed\u5b9e\u73b0\u53ef\u6301\u7eed\u589e\u957f\u7684\u73af\u5883\u505a\u51fa\u8d21\u732e\u3002 \u5728TGDF\u5c65\u884c\u8fd9\u4e00\u4f7f\u547d\u7684\u540c\u65f6\uff0c\u8bf8\u5982\u7ade\u4e89\u529b\uff0c\u4f18\u8d28\u98df\u54c1\u7684\u53ef\u627f\u53d7\u6027\uff0c\u6d88\u8d39\u8005\u5bf9\u98df\u54c1\u5b89\u5168\u548c\u8d28\u91cf\u7684\u4fe1\u5fc3\uff0c\u6d88\u8d39\u8005\u7684\u81ea\u89c9\u9009\u62e9\uff0c\u8d1f\u8d23\u4efb\u7684\u8425\u9500\u548c\u73af\u5883\u7b49\u95ee\u9898\u5c06\u4ee5\u6574\u4f53\u65b9\u5f0f\u5904\u7406\uff0c\u4e3a\u5177\u4f53\u7684\u79d1\u5b66\u6570\u636e\u548c\u6709\u6548\u4ea4\u6d41\u7684\u57fa\u7840\u4e0a\u5f00\u53d1\u9002\u5f53\u7684\u6846\u67b6\u505a\u51fa\u8d21\u732e\u3002 [\/vc_column_text][\/vc_column][vc_column width=&#8221;1\/3&#8243;][vc_row_inner][vc_column_inner][vc_column_text] \u8d1f\u8d23\u7684\u4e3b\u5e2d [\/vc_column_text][vc_column_text] S\u0130NAN CEM \u015eAH\u0130N [\/vc_column_text][vc_single_image image=&#8221;7620&#8243; img_size=&#8221;full&#8221; alignment=&#8221;center&#8221;][\/vc_column_inner][\/vc_row_inner][vc_row_inner][vc_column_inner][vc_column_text] \u8d1f\u8d23\u7684\u603b\u79d8\u4e66\u957f [\/vc_column_text][vc_column_text] \u0130LKNUR MENL\u0130K [\/vc_column_text][vc_single_image image=&#8221;3000&#8243; img_size=&#8221;full&#8221; alignment=&#8221;center&#8221;][\/vc_column_inner][\/vc_row_inner][\/vc_column][\/vc_row]<\/p>\n","protected":false},"author":1436,"featured_media":0,"parent":520,"menu_order":0,"comment_status":"closed","ping_status":"closed","template":"","meta":{"footnotes":""},"class_list":["post-563","page","type-page","status-publish","hentry"],"_links":{"self":[{"href":"https:\/\/www.tgdf.org.tr\/chn\/wp-json\/wp\/v2\/pages\/563","targetHints":{"allow":["GET"]}}],"collection":[{"href":"https:\/\/www.tgdf.org.tr\/chn\/wp-json\/wp\/v2\/pages"}],"about":[{"href":"https:\/\/www.tgdf.org.tr\/chn\/wp-json\/wp\/v2\/types\/page"}],"author":[{"embeddable":true,"href":"https:\/\/www.tgdf.org.tr\/chn\/wp-json\/wp\/v2\/users\/1436"}],"replies":[{"embeddable":true,"href":"https:\/\/www.tgdf.org.tr\/chn\/wp-json\/wp\/v2\/comments?post=563"}],"version-history":[{"count":0,"href":"https:\/\/www.tgdf.org.tr\/chn\/wp-json\/wp\/v2\/pages\/563\/revisions"}],"up":[{"embeddable":true,"href":"https:\/\/www.tgdf.org.tr\/chn\/wp-json\/wp\/v2\/pages\/520"}],"wp:attachment":[{"href":"https:\/\/www.tgdf.org.tr\/chn\/wp-json\/wp\/v2\/media?parent=563"}],"curies":[{"name":"wp","href":"https:\/\/api.w.org\/{rel}","templated":true}]}}