{"id":5482,"date":"2017-08-08T11:53:10","date_gmt":"2017-08-08T11:53:10","guid":{"rendered":"https:\/\/www.tgdf.org.tr\/chn\/?page_id=5482"},"modified":"2022-07-01T12:29:37","modified_gmt":"2022-07-01T09:29:37","slug":"musad-makarna-ureticileri-ve-sanayicileri-dernegi","status":"publish","type":"page","link":"https:\/\/www.tgdf.org.tr\/chn\/musad-makarna-ureticileri-ve-sanayicileri-dernegi\/","title":{"rendered":"M\u00dcSAD &#8211; Makarna \u00dcreticileri ve Sanayicileri Derne\u011fi"},"content":{"rendered":"<div class=\"wpb-content-wrapper\"><p>[vc_row][vc_column width=\"1\/2\"][vc_text_separator title=\"M\u00dcSAD | Makarna \u00dcreticileri ve Sanayicileri Derne\u011fi\" title_align=\"separator_align_left\" color=\"black\"][\/vc_column][vc_column width=\"1\/2\"][vc_text_separator title=\"\u0130LET\u0130\u015e\u0130M B\u0130LG\u0130LER\u0130\" title_align=\"separator_align_left\" color=\"black\"][\/vc_column][\/vc_row][vc_row][vc_column width=\"1\/2\"][\/vc_column][vc_column width=\"1\/2\"][vc_column_text]<\/p>\n<table style=\"width: 51.1073%; height: 240px;\">\n<tbody>\n<tr style=\"height: 24px;\">\n<td style=\"width: 24.8619%; height: 24px;\"><b>Ba\u015fkan:<\/b><\/td>\n<td style=\"width: 73.6648%; height: 24px;\"><b>Nihat Uysall\u0131<\/b><\/td>\n<\/tr>\n<tr style=\"height: 24px;\">\n<td style=\"width: 24.8619%; height: 24px;\"><b>Telefon:<\/b><\/td>\n<td style=\"width: 73.6648%; height: 24px;\">0312 284 76 35 Fax: 0312 284 77 79<\/td>\n<\/tr>\n<tr style=\"height: 24px;\">\n<td style=\"width: 24.8619%; height: 24px;\"><b>E-mail:<\/b><\/td>\n<td style=\"width: 73.6648%; height: 24px;\"><\/td>\n<\/tr>\n<tr style=\"height: 48px;\">\n<td style=\"width: 24.8619%; height: 48px;\"><b>Adres:<\/b><\/td>\n<td style=\"width: 73.6648%; height: 48px;\">Ceyhun At\u0131f Kansu Cad. 1386. Sok. No:8\/1 Balgat-Ankara<\/td>\n<\/tr>\n<tr style=\"height: 24px;\">\n<td style=\"width: 24.8619%; height: 24px;\"><b>Genel Sekreter:<\/b><\/td>\n<td style=\"width: 73.6648%; height: 24px;\">Ali Re\u015fat Y\u0131lmazbilen<\/td>\n<\/tr>\n<tr style=\"height: 24px;\">\n<td style=\"width: 24.8619%; height: 24px;\"><b>Telefon:<\/b><\/td>\n<td style=\"width: 73.6648%; height: 24px;\">0312 284 76 35<\/td>\n<\/tr>\n<tr style=\"height: 24px;\">\n<td style=\"width: 24.8619%; height: 24px;\"><b>E-mail:<\/b><\/td>\n<td style=\"width: 73.6648%; height: 24px;\"><\/td>\n<\/tr>\n<tr style=\"height: 24px;\">\n<td style=\"width: 24.8619%; height: 24px;\"><b>Adres:<\/b><\/td>\n<td style=\"width: 73.6648%; height: 24px;\">Ceyhun At\u0131f Kansu Cad. 1386. Sok. No:8\/1 Balgat-Ankara<\/td>\n<\/tr>\n<tr style=\"height: 24px;\">\n<td style=\"width: 24.8619%; height: 24px;\"><b>Web Adresi:<\/b><\/td>\n<td style=\"width: 73.6648%; height: 24px;\"><\/td>\n<\/tr>\n<\/tbody>\n<\/table>\n<p>[\/vc_column_text][\/vc_column][\/vc_row]<\/p>\n<\/div>","protected":false},"excerpt":{"rendered":"<p>[vc_row][vc_column width=&#8221;1\/2&#8243;][vc_text_separator title=&#8221;M\u00dcSAD | Makarna \u00dcreticileri ve Sanayicileri Derne\u011fi&#8221; title_align=&#8221;separator_align_left&#8221; color=&#8221;black&#8221;][\/vc_column][vc_column width=&#8221;1\/2&#8243;][vc_text_separator title=&#8221;\u0130LET\u0130\u015e\u0130M B\u0130LG\u0130LER\u0130&#8221; title_align=&#8221;separator_align_left&#8221; color=&#8221;black&#8221;][\/vc_column][\/vc_row][vc_row][vc_column width=&#8221;1\/2&#8243;][\/vc_column][vc_column width=&#8221;1\/2&#8243;][vc_column_text] Ba\u015fkan: Nihat Uysall\u0131 Telefon: 0312 284 76 35 Fax: 0312 284 77 79 E-mail: Adres: Ceyhun At\u0131f Kansu Cad. 1386. Sok. No:8\/1 Balgat-Ankara Genel Sekreter: Ali Re\u015fat Y\u0131lmazbilen Telefon: 0312 284 76 35 E-mail: Adres: Ceyhun At\u0131f [&hellip;]<\/p>\n","protected":false},"author":1440,"featured_media":0,"parent":0,"menu_order":0,"comment_status":"closed","ping_status":"closed","template":"","meta":{"footnotes":""},"class_list":["post-5482","page","type-page","status-publish","hentry"],"_links":{"self":[{"href":"https:\/\/www.tgdf.org.tr\/chn\/wp-json\/wp\/v2\/pages\/5482","targetHints":{"allow":["GET"]}}],"collection":[{"href":"https:\/\/www.tgdf.org.tr\/chn\/wp-json\/wp\/v2\/pages"}],"about":[{"href":"https:\/\/www.tgdf.org.tr\/chn\/wp-json\/wp\/v2\/types\/page"}],"author":[{"embeddable":true,"href":"https:\/\/www.tgdf.org.tr\/chn\/wp-json\/wp\/v2\/users\/1440"}],"replies":[{"embeddable":true,"href":"https:\/\/www.tgdf.org.tr\/chn\/wp-json\/wp\/v2\/comments?post=5482"}],"version-history":[{"count":0,"href":"https:\/\/www.tgdf.org.tr\/chn\/wp-json\/wp\/v2\/pages\/5482\/revisions"}],"wp:attachment":[{"href":"https:\/\/www.tgdf.org.tr\/chn\/wp-json\/wp\/v2\/media?parent=5482"}],"curies":[{"name":"wp","href":"https:\/\/api.w.org\/{rel}","templated":true}]}}